{"id":266,"date":"2022-06-09T15:13:31","date_gmt":"2022-06-09T13:13:31","guid":{"rendered":"http:\/\/spi43.fr\/?page_id=266"},"modified":"2022-06-09T15:13:31","modified_gmt":"2022-06-09T13:13:31","slug":"plan-dentrainement","status":"publish","type":"page","link":"https:\/\/spi43.fr\/?page_id=266","title":{"rendered":"Plan d&rsquo;entrainement"},"content":{"rendered":"\n<p>Chaque coaching b\u00e9n\u00e9ficie d&rsquo;un plan d&rsquo;entrainement individuel et adapt\u00e9 \u00e0 vos demandes. <\/p>\n\n\n\n<p><\/p>\n\n\n\n<figure class=\"wp-block-image size-full\"><img loading=\"lazy\" decoding=\"async\" width=\"640\" height=\"425\" src=\"https:\/\/spi43.fr\/wp-content\/uploads\/2022\/06\/coaching-ge18e37509_640.jpg\" alt=\"\" class=\"wp-image-267\" srcset=\"https:\/\/spi43.fr\/wp-content\/uploads\/2022\/06\/coaching-ge18e37509_640.jpg 640w, https:\/\/spi43.fr\/wp-content\/uploads\/2022\/06\/coaching-ge18e37509_640-300x199.jpg 300w\" sizes=\"auto, (max-width: 640px) 100vw, 640px\" \/><\/figure>\n","protected":false},"excerpt":{"rendered":"<p>Chaque coaching b\u00e9n\u00e9ficie d&rsquo;un plan d&rsquo;entrainement individuel et adapt\u00e9 \u00e0 vos demandes.<\/p>\n","protected":false},"author":1,"featured_media":0,"parent":0,"menu_order":0,"comment_status":"closed","ping_status":"closed","template":"","meta":{"footnotes":""},"class_list":["post-266","page","type-page","status-publish","hentry"],"_links":{"self":[{"href":"https:\/\/spi43.fr\/index.php?rest_route=\/wp\/v2\/pages\/266","targetHints":{"allow":["GET"]}}],"collection":[{"href":"https:\/\/spi43.fr\/index.php?rest_route=\/wp\/v2\/pages"}],"about":[{"href":"https:\/\/spi43.fr\/index.php?rest_route=\/wp\/v2\/types\/page"}],"author":[{"embeddable":true,"href":"https:\/\/spi43.fr\/index.php?rest_route=\/wp\/v2\/users\/1"}],"replies":[{"embeddable":true,"href":"https:\/\/spi43.fr\/index.php?rest_route=%2Fwp%2Fv2%2Fcomments&post=266"}],"version-history":[{"count":1,"href":"https:\/\/spi43.fr\/index.php?rest_route=\/wp\/v2\/pages\/266\/revisions"}],"predecessor-version":[{"id":268,"href":"https:\/\/spi43.fr\/index.php?rest_route=\/wp\/v2\/pages\/266\/revisions\/268"}],"wp:attachment":[{"href":"https:\/\/spi43.fr\/index.php?rest_route=%2Fwp%2Fv2%2Fmedia&parent=266"}],"curies":[{"name":"wp","href":"https:\/\/api.w.org\/{rel}","templated":true}]}}